s the hundreds digit of t?
1
Suppose -2*k - 8 = 0, 8*j + 3*k - 132 = 4*j. Let b = j - -79. What is the tens digit of b?
1
Let h be (-6)/1 - (-8 + -3). Suppose -z = -h*o - 122 - 179, 0 = 4*z + o - 1246. What is the hundreds digit of z?
3
Suppose 51 = r - 4*r + 5*i, i = -3. Let n = r + 26. Suppose -u + 4*z = 2*u - 9, 5 = -u + n*z. What is the units digit of u?
7
Let n(y) = -y**3 + 18*y**2 - 2*y - 604. What is the tens digit of n(-25)?
2
Suppose -4*c = 4*u - 0*c - 36, 2*c + 15 = u. Suppose u*h - 15*h + 320 = 0. Let s = 118 - h. What is the tens digit of s?
3
Suppose 351*w + 2*c = 347*w + 163574, 4*w = 3*c + 163599. What is the hundreds digit of w?
8
Let m = 256 - -2773. Suppose -4*c - 957 = -m. What is the tens digit of c?
1
What is the tens digit of 9/(-21) + (-186)/(-42) - -358?
6
Suppose -118*q = -121*q + 43511 + 21730. What is the thousands digit of q?
1
Let o(s) = 3 - 3660*s - 3658*s + 7319*s + 10*s**2. Suppose 5*v - 22 = 2*c, -c - 2*c - 23 = -5*v. What is the units digit of o(c)?
2
Let z(k) be the first derivative of -193*k**2/2 - 11*k - 71. What is the units digit of z(-1)?
2
Suppose -3*f = -4*j - 20796, -34*f - 4*j - 34668 = -39*f. What is the thousands digit of f?
6
Let p = -17629 + 62385. What is the hundreds digit of p?
7
Let q(c) = -7*c + 67. Let z be q(11). Let h(s) = 3*s - 7*s - 5*s - 4 - 7*s. What is the hundreds digit of h(z)?
1
Let o = 36817 + -21126. What is the tens digit of o?
9
Let x be (141/18)/((150/36)/25). Suppose 0 = -45*c + x*c - 5*p - 3409, 2*p = 3*c - 5108. What is the thousands digit of c?
1
Let t(c) = c + 4 + 5 + 16*c**2 + 2*c - 14. Let z(f) = -f**2 - f + 1. Let m(p) = t(p) + 3*z(p). What is the tens digit of m(-1)?
1
Let p = -12939 - -19413. What is the thousands digit of p?
6
Let m be ((-2)/(-16))/(3/24). Let o be (m - 1)/(-6 - -3). Suppose o*c - 4*c = -68. What is the units digit of c?
7
Suppose w + 1858 = -2*l, -2*w = -w - 4*l + 1846. Let d = -1323 - w. What is the hundreds digit of d?
5
What is the units digit of (-4)/2 + 499884/52 + 2/(-13)?
1
Suppose 9*y - 4999 = -10*y + 68208. What is the thousands digit of y?
3
Let u be 106/34 - (-10)/(-85). Let p = -79 + 75. What is the units digit of (-153)/p + (u - (-18)/(-8))?
9
Let i(s) = -s**2 - 15*s - 32. Let n be i(-11). Suppose 2*v - 22 = -n. Suppose 2*a - v*u - 75 = 0, 5*a = 2*u - 48 + 225. What is the tens digit of a?
3
Suppose -124*g = -261*g + 124*g + 213811. What is the units digit of g?
7
Let d be (-3)/21 + (-142)/(-14). Suppose 2 = -4*v - d. What is the tens digit of (v/(-2))/(21/644)?
4
Let r(d) = 6*d**3 - 10*d**2 + 14*d + 222. What is the tens digit of r(18)?
2
Let f(x) = 14*x**3 - 2*x**2 + 5*x + 2. Let t(b) = 13*b**3 - 3*b**2 + 4*b + 3. Let w(i) = -5*f(i) + 6*t(i). What is the units digit of w(4)?
8
Let s = -15979 + 17749. What is the thousands digit of s?
1
Suppose 3*c + b + 9616 = 0, 4*c + 0*b - 4*b = -12848. Let x = c - -4493. What is the tens digit of x?
8
Let a = -28967 + 47798. What is the ten thousands digit of a?
1
Let o(g) = g**3 - 55*g**2 - 452*g - 87. What is the thousands digit of o(71)?
8
Let v(g) = g**3 + 8*g**2 + 6*g + 8. Let s be v(-7). Suppose -x = s - 378. What is the units digit of x?
3
Suppose 59 = 9*i + 32. What is the units digit of (6 - (-133)/(-21)) + 883/i?
4
Suppose 2*h + 21 = -19*h. What is the units digit of h/4 + 40069/68?
9
Let y be (-161)/(-28) + (1/(-4))/(-1). Let d(a) = 8*a - 41. What is the units digit of d(y)?
7
Suppose 3*g = -2*h + 230, -2*h = 4*g - 73 - 235. Let z = g + 492. What is the hundreds digit of z?
5
What is the hundreds digit of ((-8)/(-14))/2 + 82292175/2205?
3
Let u = -479 - -743. Suppose 2*p - 4*w + u = -0*w, p + 97 = -5*w. What is the tens digit of 2 - p - (-5 - -9)?
2
Let z(r) = 3035*r + 1490. What is the hundreds digit of z(2)?
5
Let w be 100/(-80) + (-54)/8. Let y(k) = -112*k - 39. What is the hundreds digit of y(w)?
8
Suppose 0 = 8*l - 13063 - 12249. Let j = -2088 + l. What is the units digit of j?
6
Let f(n) = -2*n**2 + 20*n - 19. Let u be f(1). What is the hundreds digit of (-313)/((u - 1)*2/4)?
3
Let o be (-10)/(-35) - 2616/(-7). Suppose -145*z + 2717 = -156*z. Let i = o + z. What is the hundreds digit of i?
1
Let p(b) = b**3 - 10*b**2 + 8*b + 7. Let d be p(9). What is the units digit of 1088/12 + (d + 4)/6?
1
Let l be (12/(-16))/(17/28628). What is the tens digit of (52/39)/(2/(-6)) - l?
5
Let p = 9927 - -3142. What is the thousands digit of p?
3
Suppose 5*v = u - 4044, -3*u - 2*v + 8442 = -3826. What is the tens digit of u?
8
Let c = 1396 - 1140. What is the units digit of c?
6
Let x(t) = 61*t**2 - 15*t. Let g be x(-5). Suppose 14*i = 738 + g. What is the hundreds digit of i?
1
Suppose -9*u + 13*u + 20 = 0. Let t be u/(-2 + 7)*3. What is the units digit of t/5 + 233/5?
6
Let q = 368 + -368. Suppose q = -2*u - 5*i + 157, u - 2*i = 2*u - 81. What is the tens digit of u?
9
Let q = 4733 - 2735. What is the hundreds digit of q?
9
Let u be 0/(-1 + 9 + -11). Suppose u = -93*k + 97*k - 5036. What is the hundreds digit of k?
2
Suppose 4*g + 18 = 2*r, -12 = -g - 5*r - 33. Let c be (-665)/(-49) - g/14. Let s = -9 + c. What is the units digit of s?
5
Suppose 2*h - 490*z = -488*z + 7820, -2*z - 15650 = -4*h. What is the units digit of h?
5
What is the ten thousands digit of (-15 - (35 - -10)/(-5)) + 23778 + 0?
2
Let a = 225 - 223. Suppose -i + 4*p = -333, a*p = -3*i - 3*p + 965. What is the tens digit of i?
2
Let z(o) = o. Let s be z(2). Let a be (s - -6)*((-2)/(-4) + 3). Let v = a - -15. What is the units digit of v?
3
Let s(q) = q**3 + 9*q**2 + 0*q**3 - 25 + 5 - 8*q. Let b be s(-9). Suppose -5*u - 5*f + 230 = 0, -2*f - b = -u - 5*f. What is the units digit of u?
3
Let i(y) = 58*y**2 - 148*y - 1109. What is the thousands digit of i(-7)?
2
Let p(a) = 2*a**2 + 6*a - 10. Let n(g) = g**2 + g - 1. Let h(m) = 8*n(m) - p(m). Let c be h(-1). What is the units digit of (-17)/102 - (-223)/c?
7
Let u(x) = 193*x + 206. What is the tens digit of u(2)?
9
Suppose 132*v = 129*v. Let h be v + 13692/44 - 2/11. Suppose 3*g + g - h = -5*t, 5*t - 287 = 2*g. What is the tens digit of t?
5
Suppose 219*p - 220*p - 4*j + 1626 = 0, 5*p + 5*j - 8250 = 0. What is the thousands digit of p?
1
Let c(h) = -h**3 + 2*h**2. Let y be c(1). Let i be (2 + 18/(-8))/(y/(-20)). Suppose i*f + 265 = 10*f. What is the units digit of f?
3
Let k = -6650 + 11236. What is the tens digit of k?
8
Suppose -259*g - 857984 + 1748464 = -3030262. What is the hundreds digit of g?
1
Let g = -333 + 344. Let u(v) = v**3 - 9*v**2 + 12*v - 9. What is the tens digit of u(g)?
6
Let d be (3 - 0)*3 + -6 - -4241. Suppose -151*g = -155*g + d. What is the hundreds digit of g?
0
Suppose 0*h + 232 = -2*h. Let j = 45 + h. Let b = 94 + j. What is the tens digit of b?
2
Let c(v) = v**3 + 15*v**2 - 185*v - 30. Let p be c(-23). Let a(y) = 2*y**2 + 2*y - 28. What is the units digit of a(p)?
6
Let u be (1968/(-66) - 10) + (-2)/11. Let o(k) = -k**2 - 60*k - 254. What is the units digit of o(u)?
6
Suppose -48*a + 1060044 + 633876 = 0. What is the hundreds digit of a?
2
Suppose 14*p - 10*p = 16. Suppose -5*d + 1305 = -5*u, -2*u + 3*u = p*d - 1044. What is the units digit of d?
1
Let a(c) = -92*c**3 - 11*c - 14. What is the units digit of a(-2)?
4
Let n = -2841 - -24175. What is the thousands digit of n?
1
Suppose 275 = 5*s - 5*t + 4*t, 0 = -3*s - 3*t + 165. What is the units digit of 0 + s + (-6 - (-9 - -8))?
0
What is the tens digit of (19661 - -5)/(31 - 29)?
3
Let k = -43 + 132. Let w = -82 + k. Suppose -w*a + 52 = -3*a. What is the units digit of a?
3
Let a be -46*((-3)/6 + 0). Let k(s) = -s**3 + 23*s**2 + 8*s - 25. Let o be k(a). What is the hundreds digit of o + (-5)/(3 - -2)?
1
Suppose -31379 = -9*c + 4414. What is the hundreds digit of c?
9
Let p = 254 + -14. What is the tens digit of 15*(-2 + p/25)?
1
Let v(k) = -k. Let l(j) = -8*j + 2. Let g(t) = t**2 + 13*t + 12. Let w be g(-8). Let s(i) = w*v(i) + 2*l(i). What is the tens digit of s(6)?
7
Let y be 1 + (1 + -3)*88. Let h be y/2*(-360)/42. Suppose -9*t - h = -14*t. What is the units digit of t?
0
Let c(m) = 4*m**2 - 3*m + 4. Let x be c(2). Suppose -x*k + 12*k + 752 = 0. Suppose -2*o - k = -3*y, 0*o - 381 = -3*y + 3*o. What is the units digit of y?
2
Suppose 0 = 5*j - 3*k + k - 176, -4*j = -3*k - 145. Suppose -2*n - 4 + 12 